 5*d - 5 = 0, 2*d - y = 4*r + d. Suppose r = 5*l - 2*l - 12. What is the units digit of l?
4
Let a(l) = -l**2 - l + 10. Suppose y - 20 = 3*b, 0*b + 9 = -b - 2*y. Let i be a(b). Let r = 53 + i. What is the tens digit of r?
2
Let g(q) be the third derivative of q**6/120 + 7*q**5/20 + 2*q**4/3 - 11*q**3/3 + 20*q**2. What is the units digit of g(-20)?
8
Suppose -2*r = 3*t + 37, -36 = 4*t + 3*r - 7*r. Let g = t - -16. Suppose -144 - 111 = -g*d. What is the tens digit of d?
5
Let d(m) = -m**2 - m. Let l be d(6). Let y = l + 59. Let u = 51 - y. What is the tens digit of u?
3
Let b = 63 + -38. What is the tens digit of (12/(-5) - -2) + 1985/b?
7
Let r(f) = 161*f**3 - 2*f**2 + 2*f - 2. What is the hundreds digit of r(2)?
2
Suppose -29*x + 39420 = -19*x. What is the tens digit of x?
4
Let k(y) = 2*y + 15. Let x be k(8). Suppose 4*z - 323 + x = 0. What is the units digit of z?
3
Let i(y) = 3*y**2 - y - 8. Suppose 0 = -j + 121 - 124. What is the tens digit of i(j)?
2
Let o = 646 - 434. Suppose -2*k + 92 = 2*a, -3*a - 26 + o = 4*k. What is the units digit of k?
8
Let x = -3 + 4. Suppose 15*m - 9*m - 228 = 0. What is the units digit of x + 1 + -2 + m?
8
Let u be 0 - -4*5/5. Suppose 345 = 5*r - u*y, -3*y - 138 = r - 3*r. What is the tens digit of r?
6
Suppose 46*g - 51*g = -1095. Suppose -3*v - g = -o, 2*o + 5*v - 75 = 319. What is the units digit of o?
7
Suppose 247 = -19*f + 20*f. What is the hundreds digit of f?
2
Let o(g) be the first derivative of -g**4/4 - 2*g**3 - 2*g**2 - 2*g + 113. Let c = -5 + -1. What is the tens digit of o(c)?
2
Suppose 536 = -5*j + b, 0 = -3*j - 2*b - 130 - 189. What is the tens digit of 1 + 0 + (-3 - j)?
0
Let m(d) = -d**3 - 5*d**2 - 3*d + 9. Let s be m(-4). Suppose -541 = -s*g - k - k, 2*k = g - 113. What is the hundreds digit of g?
1
Let r be (5 + -1)/(-5 + 6). Let h = 5 + -2. Suppose 25 = 2*c - j - r*j, -h*c + 4*j = -27. What is the units digit of c?
5
Let q(m) = 28*m**2 + m. Let x be q(1). Let d = x + -23. What is the units digit of d?
6
Suppose 6*v + 8 = 4*f + 2*v, -3*v - 10 = -4*f. Suppose f*x - 4*r = r + 18, 25 = 5*x - 5*r. What is the units digit of x?
7
Let p(x) = x**2 + 7*x + 81. What is the units digit of p(-25)?
1
Let s = 17 - 15. Suppose 6*p - s*p + 71 = 5*q, -q + 13 = -2*p. What is the units digit of 3*7*20/q?
8
Let a be (-8)/(-5)*30/12. Suppose -4*b = a*n - 20, n = -2*b - 3*n + 16. Suppose 0 = -b*i - 4*j + 50, -5*i - 21 = -6*i - j. What is the units digit of i?
7
Let d = -8 - -18. Suppose -d*z = -6*z - 12. What is the units digit of z?
3
Let l = 754 + -1095. Let g = l - -600. What is the hundreds digit of g?
2
Suppose -3*q + 36 = -36. Let o = q - 16. What is the units digit of o?
8
Let l = -1127 - -2091. What is the units digit of l?
4
What is the hundreds digit of (1 + -2734)/((-60)/(-15) - 7)?
9
Suppose -1160 = -5*j + 1540. What is the tens digit of j?
4
Suppose 217 = 3*n - 4*u, 7*n - 5*u - 65 = 6*n. What is the tens digit of n?
7
Suppose 0 = 5*r + 2*n - 337, 150 = -4*r - n + 422. Let i = 21 + -38. Let h = r + i. What is the tens digit of h?
5
Let r = -5 + 5. Suppose -5*v - v + 276 = r. What is the units digit of v?
6
What is the units digit of (-24)/16*1244/(-3)?
2
Let y = -991 + 1538. What is the tens digit of y?
4
Let v = 15 - 13. Suppose -v*l + l = 3, 5*l - 93 = -4*h. What is the units digit of h?
7
Suppose -24*d + 5382 = -3690. What is the tens digit of d?
7
Let v be (1 + -16)*1/(-3). Suppose -v*b + 8 = -q, -b + 0 = 2*q + 5. What is the units digit of b?
1
What is the hundreds digit of (64/20 - 2)/(2/170)?
1
Let g(s) = -7*s - 5. Let n = -2 - -9. Let v be g(n). Let k = v + 79. What is the units digit of k?
5
What is the hundreds digit of 123/(4/(-6) + (-85)/(-60))?
1
Suppose -8956 = -12*m + 5456. What is the units digit of m?
1
What is the units digit of (32 - 2)*(38 + -1)?
0
Let n = 221 + 109. Suppose 5*l + 227 + 228 = 3*a, 2*a + 2*l = n. What is the hundreds digit of a?
1
Let r(p) = p**2 + 8*p + 15. Let l be r(-5). Suppose l*j + 5*j - 390 = 0. What is the tens digit of j?
7
Suppose -25*v = -30*v + 1575. What is the units digit of v?
5
Suppose 0 = -3*i - 1 + 22. Suppose 54 = -i*s + 313. What is the units digit of s?
7
Suppose 4*r = -4*o + 3644, 26*o - 27*o + 2727 = 3*r. What is the units digit of r?
8
Suppose -6*d + 7*d + 5*i = 356, 0 = 5*i + 20. What is the tens digit of d?
7
Let t(w) = 2*w**3 - 5*w**2 - 3*w - 9. What is the units digit of t(6)?
5
Let j = -32 + 48. Suppose 121 = 5*z - 4*s, 3*s - j = 2*z - 70. What is the tens digit of z?
2
What is the hundreds digit of (2 + -1)*-3 + (622 - 4)?
6
Suppose 0 = -2*p + 4*t + 794, -4*p + 710 = -4*t - 858. What is the hundreds digit of p?
3
Let p(f) = 9*f**2 - 326*f - 23. What is the hundreds digit of p(40)?
3
Let m be (0/3 - 2)*(-11 - -2). What is the units digit of ((-12)/m)/(2/(-270))?
0
What is the thousands digit of 2*(-6)/((24/(-1509))/2)?
1
Let t(o) = o**2 - 6*o + 8. Let w be t(6). Let k = 12 - w. Suppose -k*z = 4*c - 2*c - 76, 3*c - 4*z = 114. What is the tens digit of c?
3
Let y(c) = c**2 - c - 2. Let h be y(3). Let g = h - 3. Suppose p - 7 = -v + g, -3*p + 4*v = -24. What is the units digit of p?
8
Suppose 6 = 5*a - 7*a + 4*p, -3*p = -a - 6. Let b(q) = -q**2 + 5*q - 2. Let h be b(a). Suppose -s + 15 = m, h*s - 11 = -2*m + 19. What is the units digit of m?
5
Let c(x) = -35*x + 25. Let f be c(-9). Let t = f - 192. What is the tens digit of t?
4
Suppose 0 = -f - 1, -682 - 163 = -2*o - f. What is the tens digit of o?
2
Let s(k) be the first derivative of -k**3/3 - 5*k**2 + 15*k - 10. Let c be s(-11). Suppose -t - 138 = -c*t. What is the units digit of t?
6
Suppose 2*y - 5 = l, -4*y + 3*l + 4 = -5. What is the tens digit of 129/(((-27)/(-6))/y)?
8
Let s = 10 - -11. Let x(g) = -g**3 - 2*g**2 + 2*g + 4. Let r be x(-2). Suppose r = -u + s + 6. What is the tens digit of u?
2
What is the tens digit of -3435*12/(-18) - 1?
8
Let i(a) = -26*a**3 + 10*a - 4*a - 1 - 7*a. Let m be 2/((2 - 0)*-1). What is the tens digit of i(m)?
2
Let k = 632 - 282. Let j = 74 + 28. Suppose -4*w = -k + j. What is the units digit of w?
2
Suppose -2227 = -3*b + h, -2*b - h + 1487 = -4*h. What is the units digit of b?
2
Suppose -1446*b = -1445*b - 1108. What is the thousands digit of b?
1
Suppose -162 - 384 = -2*l. What is the tens digit of l?
7
Let c be 3/(-4 - 35/(-9)). What is the hundreds digit of (-9840)/(-54) + 6/c?
1
Let h be (-12 + 4)/((-9 - -4) + 3). Suppose h*w - 711 = w. What is the tens digit of w?
3
Let z be 1/(((-8)/(-10))/4). Suppose z = -10*s + 5*s. What is the tens digit of s*(0 + -3) - -32?
3
Suppose 23*v - 3310 - 922 = 0. What is the tens digit of v?
8
Suppose -4*n + 13 = -3, z = -5*n + 22. Let c(t) = -3*t**2 - 15*t**3 - 11*t**3 - 8*t**3 + 39*t**3. What is the tens digit of c(z)?
2
Let i(q) be the third derivative of -q**4/24 + 13*q**3/6 + 2*q**2. Let l be i(9). Suppose 154 = 3*g - s - l*s, 136 = 3*g + 4*s. What is the tens digit of g?
4
Let m(j) = 76*j - 5. Let p = 38 + -36. What is the tens digit of m(p)?
4
Suppose -x = 4*x - 5*i - 25, -15 = -4*x + 3*i. Let n(y) be the first derivative of -y**3/3 - y**2/2 + 13*y - 2. What is the tens digit of n(x)?
1
Let x be (6/10 - 0) + 154/35. Suppose a - 5*b + 968 = x*a, -5*b = -5*a + 1255. What is the units digit of a?
7
Suppose -2*v = v - 2*d + 130, -v = -3*d + 55. Let w = 48 + -120. Let s = v - w. What is the units digit of s?
2
What is the tens digit of (-2086)/(-12) - ((-40)/5)/48?
7
Let f(z) = 25*z + 47. Suppose 6 = -2*m + 2, -5*d + m = -42. What is the hundreds digit of f(d)?
2
Let x = 1 + -24. Suppose -5*u - 51 = -3*v - 22, -2*u - 4*v = 22. Let k = u - x. What is the units digit of k?
6
Let o(p) = -p**2 + 27*p + 39. What is the tens digit of o(18)?
0
Suppose 26*o = 7*o + 4503. What is the units digit of o?
7
Suppose 3*k + 29 = -70. Let v = -18 - k. What is the units digit of v?
5
Let f be 2/(-8) - 18/(-8). Let w(x) = -3*x**2 - 3 + 2*x**2 + 2 + 3*x**2. What is the units digit of w(f)?
7
Let j(g) = -2*g + 12. Let t = 3 - 9. What is the tens digit of j(t)?
2
Let p be 66/110 + (-16)/10. What is the tens digit of 6 + p + (-414)/(-9)?
5
Let g(n) be the third derivative of 0*n + 7*n**2 + 4/3*n**3 + 7/24*n**4 + 0. What is the units digit of g(4)?
6
Let q = -57 + 212. What is the units digit of q?
5
Let x(c) = -c**3 - 6*c**2 -